te?
False
Is 116071177 composite?
False
Is 54388799413 composite?
True
Is 283183253 composite?
True
Is 16989464269 prime?
False
Is 779504371 a prime number?
True
Is 2009118953 a prime number?
True
Is 13777672123 composite?
False
Is 117992383 a prime number?
False
Is 277401431 prime?
False
Is 945407017 a prime number?
False
Is 69506328811 prime?
False
Is 58653808919 a composite number?
True
Is 5051759567 a prime number?
False
Is 20583983501 a prime number?
False
Is 476170157 prime?
True
Is 143344427 composite?
False
Is 14735447921 prime?
True
Is 1876992973 a composite number?
False
Is 594041719 a prime number?
True
Is 5518625839 composite?
True
Is 154364635457 composite?
False
Is 707547581 a prime number?
False
Is 52264641967 prime?
False
Is 7163787251 composite?
False
Is 190718837 a prime number?
False
Is 1088342833 a composite number?
False
Is 1009519421 a composite number?
True
Is 365130602 a composite number?
True
Is 555528881 prime?
False
Is 334818686 prime?
False
Is 125886605669 prime?
False
Is 1431772003 composite?
False
Is 34252786927 a prime number?
True
Is 506260421 prime?
False
Is 528024457 a composite number?
True
Is 932349127 prime?
True
Is 19009596635 composite?
True
Is 6347520731 prime?
False
Is 173133839 composite?
False
Is 2192475809 a composite number?
True
Is 51659788187 a composite number?
True
Is 10535341627 a composite number?
True
Is 2719142519 a composite number?
False
Is 4219115501 prime?
True
Is 403295107 a composite number?
True
Is 528045743 a prime number?
True
Is 6304345666 a prime number?
False
Is 939438133 a prime number?
False
Is 102343215014 composite?
True
Is 13875885871 prime?
False
Is 194426292803 composite?
False
Is 884555261 composite?
True
Is 23132665331 a prime number?
True
Is 565972039 composite?
True
Is 8426978877 a composite number?
True
Is 757093747 a composite number?
False
Is 305099903 a composite number?
True
Is 99432437529 a prime number?
False
Is 2811877963 a composite number?
True
Is 157482568831 a composite number?
True
Is 1224258173 composite?
False
Is 1212204467 a prime number?
True
Is 9985120517 a composite number?
False
Is 3812345561 a composite number?
False
Is 5518564771 a composite number?
False
Is 8820811921 composite?
True
Is 1403115371 a prime number?
False
Is 458924621 a composite number?
False
Is 76677820033 prime?
False
Is 164813213 a prime number?
False
Is 1082860021 a prime number?
False
Is 34477266251 a prime number?
True
Is 14400911183 prime?
True
Is 5855292029 prime?
True
Is 3866838133 prime?
True
Is 262944417277 a composite number?
True
Is 877341931 a composite number?
False
Is 2128291071 composite?
True
Is 8139450707 a composite number?
False
Is 935017931 a composite number?
True
Is 5817227551 composite?
True
Is 8096607763 a composite number?
True
Is 16302142867 a composite number?
False
Is 53362973 composite?
True
Is 565974751 prime?
True
Is 45280387 composite?
True
Is 575193991 composite?
True
Is 939372857 a composite number?
True
Is 15301961263 a prime number?
True
Is 496143299 prime?
True
Is 74142041 composite?
True
Is 2267807287 a composite number?
False
Is 144871511 a composite number?
False
Is 23050422643 composite?
False
Is 259128347 a prime number?
True
Is 121103918393 a prime number?
True
Is 10125133759 composite?
True
Is 4633381913 a composite number?
False
Is 796169069 composite?
True
Is 59968543 prime?
False
Is 14814284321 a prime number?
True
Is 1085020067 a composite number?
False
Is 8367552763 composite?
False
Is 3097532351 a prime number?
True
Is 166743582041 composite?
False
Is 1129876199 composite?
True
Is 917961227 a prime number?
True
Is 4660832219 a composite number?
False
Is 310594099 a prime number?
True
Is 3912608417 a composite number?
False
Is 14133915193 prime?
True
Is 15840793681 prime?
False
Is 14591745731 a composite number?
False
Is 10644184021 composite?
False
Is 156356038823 composite?
False
Is 14334714389 composite?
True
Is 3342855961 prime?
True
Is 31038661207 a prime number?
False
Is 286087279 prime?
True
Is 31049225549 a composite number?
False
Is 10031841458 prime?
False
Is 79312300333 prime?
False
Is 18502290923 composite?
False
Is 1354669919 a prime number?
False
Is 107346787 composite?
True
Is 24469750271 prime?
True
Is 4774012729 a composite number?
True
Is 715975583 a prime number?
False
Is 942631901 composite?
True
Is 1559237401 composite?
False
Is 841323169 prime?
False
Is 17816445551 composite?
True
Is 68764602253 a prime number?
True
Is 7094870633 a prime number?
True
Is 7504567379 a prime number?
False
Is 2904180313 a prime number?
True
Is 2742742117 prime?
True
Is 17090974247 composite?
True
Is 28146427181 a prime number?
False
Is 327074653 prime?
True
Is 35362802593 a prime number?
True
Is 2590530401 prime?
True
Is 1055645645 a composite number?
True
Is 11794055261 a prime number?
False
Is 310819703599 prime?
True
Is 1462904389 prime?
True
Is 15219287949 prime?
False
Is 29689527611 a prime number?
True
Is 2508104551 composite?
False
Is 787106007359 a prime number?
False
Is 17990451421 a composite number?
False
Is 16572414655 prime?
False
Is 1596585539 composite?
False
Is 43721446507 a composite number?
True
Is 517312909 composite?
False
Is 74694377477 prime?
False
Is 54120649 a composite number?
True
Is 3441142623 a prime number?
False
Is 12068141367 composite?
True
Is 9714130411 composite?
False
Is 1047525379 a composite number?
True
Is 19566259 prime?
False
Is 14779755505 composite?
True
Is 463361779 composite?
True
Is 5441336885 composite?
True
Is 32258052791 prime?
True
Is 9931435991 composite?
True
Is 17625324817 a composite number?
True
Is 230228784413 a composite number?
False
Is 1512185863 prime?
True
Is 4411466909 composite?
True
Is 132505216939 composite?
True
Is 435839123 composite?
False
Is 1250516401 a composite number?
False
Is 169859033 a prime number?
False
Is 1150189699 prime?
False
Is 1364878583 prime?
False
Is 1429283123 composite?
False
Is 2410029593 a prime number?
False
Is 55324723 prime?
False
Is 1493722313 prime?
True
Is 13858168999 a composite number?
False
Is 28360790669 prime?
True
Is 10837620973 prime?
True
Is 669448303 prime?
False
Is 4534036489 prime?
False
Is 223475011 prime?
True
Is 102937309 a prime number?
True
Is 33469363273 prime?
True
Is 11752649047 composite?
False
Is 8565852443 a composite number?
True
Is 4569620051 prime?
True
Is 1083140519 prime?
False
Is 18314599418 prime?
False
Is 9187730249 prime?
True
Is 1476785287 composite?
False
Is 1507460959 a composite number?
False
Is 35157374513 composite?
True
Is 136172623681 a composite number?
False
Is 57053773 prime?
False
Is 20111854781 composite?
True
Is 11046736873 prime?
False
Is 2006095615 a composite number?
True
Is 65725667561 composite?
True
Is 4658836159 a composite number?
False
Is 42524954105 a prime number?
False
Is 1128640235 prime?
False
Is 545946007 prime?
False
Is 209510999 a composite number?
False
Is 33711110053 composite?
True
Is 23648752037 a composite number?
True
Is 1547059489 prime?
True
Is 12526351297 prime?
False
Is 67668641 composite?
True
Is 3222796147 a composite number?
True
Is 773760567 a prime number?
False
Is 10278767129 a composite number?
True
Is 21020728543 a prime number?
False
Is 606546371 composite?
True
Is 1446012103 a composite number?
True
Is 3346385521 a prime number?
True
Is 25813689623 composite?
True
Is 11670082591 a prime number?
True
Is 26437931449 composite?
True
Is 412657937 a prime number?
False
Is 60470769 a composite number?
True
Is 1071502721 a composite number?
True
Is 1404871433 composite?
True
Is 8348502081 a composite number?
True
Is 695491583 prime?
True
Is 38839413163 composite?
False
Is 4043650517 a prime number?
True
Is 247605445 a prime number?
False
Is 33213153889 a prime number?
False
Is 1816518831 a composite number?
True
Is 4771214969 composite?
False
Is 16287640235 prime?
False
Is 882631811 a prime number?
False
Is 40958676601 a composite number?
True
Is 319768259 a composite number?
True
Is 763939123 prime?
False
Is 6051255221 composite?
True
Is 4086285193 a prime number?
True
Is 90216719 composite?
True
Is 3392277419 a prime number?
True
Is 27140507 composite?
True
Is 27296673163 prime?
False
Is 336906371 a composite number?
False
Is 3111606263 a prime number?
Fal